se -5 = -n - p, -5*n = 2*p - 3*p - 1. Let b(s) = 3*s + s - 6*s**3 - 3*s - n. Suppose -19*h - 15*h = 34*h - 68. What is b(h)?
-6
Let o be 8/6*(-6)/(-4). Suppose 18*x = x + 68. Let p(u) = 16*u + u**3 - o*u**2 + 0*u - 25*u - x*u**2 + 10. What is p(7)?
-4
Let a(x) = 2 + 1 - 59*x**2 + 3 - 51*x**2 + 112*x**2 + 6*x. Determine a(-3).
6
Let z be ((-9)/(-36)*-4)/(2/4). Let r(u) = -u**2 - 8*u + 6. Let l(n) = n**2 + 7*n - 5. Let a(x) = z*r(x) - 3*l(x). What is a(-5)?
3
Let b(u) = u**2 - 2*u - 1. Let n(c) = -7*c**2 - 2*c + 3. Let p be n(1). Let z be 2/p*(-8)/16*-18. Let f(a) = -a - 4. Let x be f(z). What is b(x)?
2
Let s(n) = -n**2 + 5*n + 45. Let y be s(9). Let z(f) = 6*f**2 + 2*f**3 + 10*f**2 - y*f**2 + 2 - f**3. Give z(-7).
2
Let u(r) = -r**2 - 1. Let s(l) = -4*l**2 + 9*l - 2. Let z(k) = -k**2 - 12*k - 35. Let o be z(-4). Let f(p) = o*u(p) + s(p). Suppose -g = -0*g - 8. What is f(g)?
9
Let t(z) = 14*z + 14. Let c be 2 + (-6)/(-4) + (-209)/22 - -4. Calculate t(c).
-14
Let k be -30*(-16)/40 + -24 + (-36)/(-4). Let h(j) = 3*j + j - j**2 + 2*j**2. Calculate h(k).
-3
Let u(t) = t**3 + 6*t**2 - 9*t - 2. Let j be u(3). Let x(h) = -1 + j*h**3 - 30*h**3 - 21*h**3 + 2*h**2 - h. What is x(-3)?
-7
Let a be (6/4)/((-1)/6). Let v(r) = -8*r**2 + 4*r + 2. Let d(s) = 11*s**2 - 2*s - 1. Let j(z) = 3*d(z) + 4*v(z). Give j(a).
-4
Let i(v) = 2*v + 8. Let p(t) be the first derivative of 8*t**2 + 5*t**3 + 21*t + 7 + 1/4*t**4. Let n be p(-14). Give i(n).
-6
Let n(g) = -8562*g**2 - 3*g**3 + 3*g + 8562*g**2 - 7*g. Determine n(2).
-32
Let y(m) = -3*m**2 + 16*m. Let u(w) = w**2 - 10*w. Let h(p) = -5*u(p) - 3*y(p). Give h(2).
20
Let n(r) = -7 + 10*r - 19*r + 10. Give n(0).
3
Let x be 14892/2244 - (-18)/(-11). Let n(h) = -9*h - 1. Let w(y) = 8*y + 1. Let b(m) = -6*n(m) - 7*w(m). Calculate b(x).
-11
Suppose -8*v - 22 + 46 = 0. Suppose -2*i = 2*m - 1 + 3, 0 = -v*m. Let w(r) = -8*r**2 - 4*r - 2. What is w(i)?
-6
Let u(n) = -n**3 + 27*n**2 - 2*n + 56. Let d be u(27). Let y(i) = d - 8*i**2 + i - 5*i**2 + 13*i**2 - 3*i**2. Give y(-2).
-12
Let r be (2/6)/((-53)/1431)*(-6)/27. Let i(t) = 6*t**3 - 2*t**2 + t - 2. Determine i(r).
40
Let u(p) = 16*p - 19. Suppose -5*b - 3035*w = -3040*w - 35, b + 11 = -2*w. Determine u(b).
-3
Let c(r) be the first derivative of -5*r**2/2 + 60*r + 704. Determine c(12).
0
Let w = 19 + -18. Let h(f) = f**2 + 6 + 0*f**2 + w - 5. Suppose -4*o - 4*a = -6*o + 8, -2*a - 4 = -4*o. What is h(o)?
2
Suppose 5*c - 5*w - 574 - 416 = 0, 0 = c + 5*w - 228. Suppose -c*j = -204*j - 10. Let q(o) be the second derivative of -o**3/6 - 6*o**2 + o. Give q(j).
-2
Let c(t) = -46 + 67 - 360 + 72*t + 5*t + 23. What is c(4)?
-8
Let o(b) be the second derivative of b**5/20 - b**4 + 14*b**3/3 - 17*b**2/2 + b + 105. What is o(9)?
-8
Let n(m) = 3 + 155*m - 3 - 78*m - 17*m - 2. Determine n(-1).
-62
Let i(l) be the second derivative of 3*l**5/10 - l**4/12 + l**3/6 + l**2/2 - l - 98. What is i(-1)?
-7
Let s(z) = -2*z**2 + 28*z. Let n(a) = -5*a. Let v(m) = -5*n(m) - s(m). Let o be (-1 - 1) + 3 - 20. Let w = -17 - o. Calculate v(w).
2
Let g(y) = -133 - 3*y - 14*y - 12*y + 5*y + 7*y. Determine g(-7).
-14
Let r(t) be the first derivative of -t**4/4 - 5*t**3/3 - t**2 + 6*t + 4320. Let u = 3 - 2. Suppose -3*i - 4*l = 3, 0 = -4*i + 3*l - 30 + u. Calculate r(i).
16
Let l(w) = -41*w**2 + 3*w + 4. Suppose -4*x - 3*y - 19 = 0, 3*y = -2*x - 14 - 3. Give l(x).
-40
Suppose -5*o + 4 - 9 = 0. Let w(i) = -2682 + 10733 - 2683 - 2683 - 2686 - 11*i. Determine w(o).
10
Let o(u) = -3 - 87*u**3 + 5*u**2 + 2*u + 4 + 88*u**3. Suppose 94*m - 77*m + 68 = 0. What is o(m)?
9
Let v(l) be the second derivative of 1/2*l**2 - 95 - 2*l + 2/3*l**4 + 1/6*l**3. Determine v(-1).
8
Let x(g) = -3*g**2 - 85*g - 30. Let c(k) = k**2 + 11*k - 28. Let i be c(-11). Let w be x(i). Let m(p) = -p**3 - 3*p**2 + 1. What is m(w)?
-3
Let l(o) = -3*o - 9. Suppose -12*n - 57 + 309 = 0. Let d be (-46)/14 - (-5 + 99/n). What is l(d)?
0
Suppose 220 = 9*x - 7*x. Suppose 5*r - x + 15 = 0. Suppose 5*m - r = -2*q, -3*m + 11 = -q + 2*q. Let d(u) = -u + 4. Calculate d(m).
1
Let k(r) = -49*r**3 + 8*r**2 + 15*r + 2. Let t(f) = -86*f**3 + 15*f**2 + 30*f + 5. Let p(a) = -7*k(a) + 4*t(a). Give p(6).
24
Suppose -16*u + 181 = -219. Suppose -u = -4*c - 5*x, -5*c - 7*x = -4*x - 28. Let o(i) = 2 + i + 2 - 5. Calculate o(c).
4
Let k = -31 - -14. Let l = k + 16. Let v(b) be the second derivative of -8*b**3/3 + 214*b. Give v(l).
16
Let w = -11 - -7. Let i be (1*-1)/(3 + 6 + -10). Let k(v) = -8*v - 16*v - 2 + 23*v - i. Give k(w).
1
Let s = -19 - -16. Let n(y) be the first derivative of -1/3*y**3 + 2*y - 1/2*y**2 + 23. Determine n(s).
-4
Let n(o) be the third derivative of o**6/120 - 7*o**5/30 + 7*o**4/12 - 19*o**3/6 + 201*o**2 - 1. Give n(13).
-6
Let p be (640/25)/(-2*4/(-100)). Let h = p + -323. Let j(s) = -13*s + 2. Give j(h).
41
Let h(u) = -8*u**3 - u**2 + 6*u - 10. Let k(b) = 22*b**3 + 2*b**2 - 17*b + 28. Let f(p) = -8*h(p) - 3*k(p). Calculate f(2).
-6
Let w(n) = 2*n**2 - 6*n - 6. Let p be 2/((-30)/(-50) - (-171)/(-135)). Determine w(p).
30
Let p(q) = -q**2 + 14*q + 8. Suppose -561 + 771 = 15*v. Give p(v).
8
Suppose 0 = -2*c - 3*d + 18, 3*d - 14 = -2*c - d. Let p(b) = -6 - 8 + c - 2 + b. Determine p(5).
4
Suppose -41*m = -49*m + 32. Let l(a) = 4*a**2 + 314*a - m - a**2 - 314*a + a**3. Determine l(-2).
0
Let v(d) = -19*d**2 + 25*d + 59. Let a(y) = 43*y**2 - 51*y - 119. Let p(n) = 8*a(n) + 18*v(n). Give p(-18).
2
Let k(v) be the first derivative of v**4/4 + 5*v**3 + 13*v**2/2 - 12*v - 31791. Let n(a) = -4*a + 6. Let q be n(5). Give k(q).
2
Let b(a) = -5*a + 5. Let x = -1 + 0. Let k = -1734 + 1740. Let j = k + x. What is b(j)?
-20
Suppose -i - 5*m = -11, i - 5*m = -10 + 41. Let w = i + -21. Let j(f) = 2*f**2 - f + 12. What is j(w)?
12
Let p be (-76)/(-114) + 106/(-6). Let r(f) = f**3 + 19*f**2 + 32*f - 32. What is r(p)?
2
Let w(u) = 2*u**2 + 31*u - 16. Let q(j) = 9*j**2 + 126*j - 63. Let c(v) = 4*q(v) - 17*w(v). Give c(10).
-10
Let s(k) = -93 + 285 + 2*k - 95 + 3*k - 75. Give s(0).
22
Let g(u) = 4*u**3 + 4*u**2 - 1 - 10*u + 3*u**3 - 6*u**3 + 14*u + 0*u. Let n be 8/(-36) - 25/9. What is g(n)?
-4
Let k(m) = m - 2*m**2 + m**2 - 5 - 5*m. Let a = -90 + 95. Suppose a*i = -i - 24. What is k(i)?
-5
Let q(a) = -3*a - 2. Let w be ((-516)/645)/((-2)/(-5)). Calculate q(w).
4
Let t(l) = 5*l**2 - 1. Let n = 6011 - 6010. Calculate t(n).
4
Let i(f) be the first derivative of -13*f**4/4 + f**3/3 + 3*f**2/2 - 5*f - 56. Let t(c) = 6*c**3 - c**2 - 2*c + 3. Let o(l) = 3*i(l) + 5*t(l). Give o(-1).
8
Let c(u) = 3*u**2 - 3*u**2 + 3*u**2 - u + u**3. Let l be (3 - 11)*41/2. Let f = l - -160. Calculate c(f).
-12
Let g(p) = -p. Suppose 5*k - 4*k = 2. Suppose -k*c + 4*m + 22 = -0*c, -3*c - m = -5. Suppose c*h - 37 = -13. What is g(h)?
-8
Let a(j) = j**3 + 3*j**2 + j. Let m(y) = y**3 - 2*y**2 - 1. Let b be m(-3). Let u = 942 - 897. Let k = b + u. Give a(k).
1
Suppose 2*s - 324 = 5*j, s - 267 = 4*j + 2*s. Let m be (j/15)/(4/(-10)). Suppose n - m = -4. Let f(d) = -d + 9. What is f(n)?
2
Let l(k) = 2*k + 18. Let z be ((-16)/50*(-10)/(-4))/(230/3450). What is l(z)?
-6
Suppose 21*d = 22*d - 18. Let l be d/(-99) - (-93)/(-33). Let j(x) = -13*x. Calculate j(l).
39
Let a(b) = b**3 - 8*b**2 + 2*b - 11. Suppose -5*p = 3*y - 495, 3*p + 64 = 73. Suppose 110*u = 90*u + y. Give a(u).
5
Let v(w) = 31*w**2 + w**3 - 25*w**2 + 4 - w - 3. Suppose 3*o + 0 + 96 = 0. Let g be 1*(-2)/3 + o/6. Give v(g).
7
Let k(p) = 101*p + 18 - 1721*p**2 - 1722*p**2 + 5170*p**2 - 1722*p**2. Give k(-20).
-2
Let u(v) = -v - 1. Suppose 3*d - 15 = 0, 2*d - 2 = 5*k + 18. Let c(b) = -b**2 - b. Let z(q) = k*u(q) + c(q). Let r = -51 - -51. What is z(r)?
2
Let z(i) = -9*i**2 + i + 1. Suppose 4*k = n + k - 20, 0 = -2*n + 5*k + 40. Let u = n - -45. Let a = u - 66. What is z(a)?
-9
Let v(s) be the first derivative of s**3/3 - s**2/2 - 14*s + 2. Suppose 4*c + 24 = 3*b + 10*c, 4*b - 4 = -c. Calculate v(b).
-14
Let s(u) be the second derivative of u**5/20 - u**4/3 + 2*u**2 - 2*u. Suppose 9 = 3*w, -i = -4*w - 53 + 19. Suppose 28*l + i = 130. Give s(l).
-5
Suppose 0 = 3*z - 2 - 1. Suppose -2*s = 156 - 160. Suppose -m = -s*m - z. Let q(a) = -a - 2. What is q(m)?
-1
Let k(b) = b**3 + 3*b**2 - 5*b - 2. Let l be k(-3). Let q(x) be the first derivative o